{"id":772,"date":"2024-05-09T14:53:34","date_gmt":"2024-05-09T14:53:34","guid":{"rendered":"https:\/\/duplicator.es365.com.br\/marketingeducacional\/?post_type=cases_&#038;p=772"},"modified":"2024-05-09T17:36:52","modified_gmt":"2024-05-09T17:36:52","slug":"vi-congresso-nacional-de-educacao-catolica","status":"publish","type":"cases_","link":"https:\/\/agenciakharis.com.br\/marketingeducacional\/cases_\/vi-congresso-nacional-de-educacao-catolica\/","title":{"rendered":"VI Congresso Nacional de Educa\u00e7\u00e3o Cat\u00f3lica"},"template":"","_links":{"self":[{"href":"https:\/\/agenciakharis.com.br\/marketingeducacional\/wp-json\/wp\/v2\/cases_\/772"}],"collection":[{"href":"https:\/\/agenciakharis.com.br\/marketingeducacional\/wp-json\/wp\/v2\/cases_"}],"about":[{"href":"https:\/\/agenciakharis.com.br\/marketingeducacional\/wp-json\/wp\/v2\/types\/cases_"}],"wp:attachment":[{"href":"https:\/\/agenciakharis.com.br\/marketingeducacional\/wp-json\/wp\/v2\/media?parent=772"}],"curies":[{"name":"wp","href":"https:\/\/api.w.org\/{rel}","templated":true}]}}

VI Congresso Nacional de Educação Católica
