{"id":774,"date":"2024-05-09T14:54:28","date_gmt":"2024-05-09T14:54:28","guid":{"rendered":"https:\/\/duplicator.es365.com.br\/marketingeducacional\/?post_type=cases_&#038;p=774"},"modified":"2024-05-09T17:20:46","modified_gmt":"2024-05-09T17:20:46","slug":"forum-de-educacao-catolica","status":"publish","type":"cases_","link":"https:\/\/agenciakharis.com.br\/marketingeducacional\/cases_\/forum-de-educacao-catolica\/","title":{"rendered":"F\u00f3rum de Educa\u00e7\u00e3o Cat\u00f3lica"},"template":"","_links":{"self":[{"href":"https:\/\/agenciakharis.com.br\/marketingeducacional\/wp-json\/wp\/v2\/cases_\/774"}],"collection":[{"href":"https:\/\/agenciakharis.com.br\/marketingeducacional\/wp-json\/wp\/v2\/cases_"}],"about":[{"href":"https:\/\/agenciakharis.com.br\/marketingeducacional\/wp-json\/wp\/v2\/types\/cases_"}],"wp:attachment":[{"href":"https:\/\/agenciakharis.com.br\/marketingeducacional\/wp-json\/wp\/v2\/media?parent=774"}],"curies":[{"name":"wp","href":"https:\/\/api.w.org\/{rel}","templated":true}]}}

Fórum de Educação Católica
